{"id":2,"date":"2021-12-17T12:00:00","date_gmt":"2021-12-17T11:00:00","guid":{"rendered":"http:\/\/www.bv-breitenfeld.de\/?page_id=2"},"modified":"2026-01-22T18:06:34","modified_gmt":"2026-01-22T17:06:34","slug":"about","status":"publish","type":"page","link":"https:\/\/www.bv-breitenfeld.de\/?page_id=2","title":{"rendered":"\u00dcber uns"},"content":{"rendered":"<p>Der B\u00fcrgerverein Breitenfeld e.V. wurde 1994 gegr\u00fcndet. Damals haben sich 10 Gr\u00fcndungsmitglieder die Aufgabe gestellt, die Lebensqualit\u00e4t in und um Breitenfeld zu verbessern. Bauverbot, Wegzug junger Familien und die drohende Aufgabe des Ortes durch den Tagebau hatten deutliche Spuren hinterlassen. Nachdem die ersten Ziele erreicht waren, wurden weitere Aufgaben in Angriff genommen und in der Satzung hinterlegt.<\/p>\n<p>Zweck des Vereins ist einzutreten f\u00fcr:<\/p>\n<ul>\n<li>den Erhalt des d\u00f6rflichen Charakters auf der Basis der Erhaltungssatzung und des Dorferneuerungsplanes<\/li>\n<li>die Beseitigung der Nachteile aus der langj\u00e4hrigen Zugeh\u00f6rigkeit zum Bergbauschutzgebiet Tagebau Breitenfeld<\/li>\n<li>die Interessenvertretung der B\u00fcrger Breitenfelds gegen\u00fcber dem Ortschaftsrat und der Stadtverwaltung<\/li>\n<li>Stra\u00dfen- und Wegebau<\/li>\n<li>die Ansiedlung dorfvertr\u00e4glichen Gewerbes<\/li>\n<li>die Erforschung und Pflege der Heimatgeschichte<\/li>\n<li>die Einflussnahme auf die Entwicklung der gesamten Flur Breitenfeld<\/li>\n<li>die Pflege und Instandhaltung des Gustav-Adolf-Denkmals<\/li>\n<li>die F\u00f6rderung der Dorfgemeinschaft und kultureller Veranstaltungen<\/li>\n<li>die F\u00f6rderung der Freizeitgestaltung von Kindern und Jugendlichen<\/li>\n<\/ul>\n<p>Der Verein hat im Moment 32 Mitglieder und wird von einem f\u00fcnfk\u00f6pfigen Vorstand gef\u00fchrt.<\/p>\n<p>Vorsitzende:<br \/>Gabriele Peters<\/p>\n<p>Stellvertretender Vorsitzender:<br \/>Sebastian Schneider<\/p>\n<p>Schatzmeisterin:<br \/>Stephanie Br\u00fcckner-B\u00f6hme<\/p>\n<p>Schriftf\u00fchrer:<br \/>Lars G\u00fcttner<\/p>\n<p>\u00d6ffentlichkeitsarbeit:<br \/>Dr. Susann Landgraf<\/p>\n<p style=\"font-weight: 400;\">Jedes Vereinsmitglied hat pers\u00f6nlich Sitz und Stimme in den Mitgliederversammlungen. Alle Mitglieder haben das Recht, dem Vorstand und der Mitgliederversammlung Antr\u00e4ge zu unterbreiten.<\/p>\n<p style=\"font-weight: 400;\">Der j\u00e4hrliche Mitgliedsbeitrag liegt aktuell bei 30,00 \u20ac und ist bis zum 30. September des laufenden Gesch\u00e4ftsjahres zu entrichten. Eine freiwillige Erh\u00f6hung des Beitrages ist den Mitgliedern freigestellt.<\/p>\n<p style=\"font-weight: 400;\">Vorstands- bzw. Mitgliederversammlungen finden jeweils am 3. Dienstag (gerade Monate) oder Donnerstag (ungerade Monate) im Monat um 19:00 Uhr statt.<\/p>\n<p>H\u00f6hepunkte unserer Arbeit sind das Heimatfest im Mai mit Maibaumstellen und Armbrustschie\u00dfen, Sportveranstaltungen, \u00f6ffentliche Brotbacktage an unserem Steinbackofen und das im September stattfindende Konzert am Gustav-Adolf-Denkmal.<br \/>M\u00f6glich wird das allerdings nur mit der tatkr\u00e4ftigen und auch finanziellen Unterst\u00fctzung von Vielen. Lassen Sie uns ins Gespr\u00e4ch kommen, wenn Sie mithelfen m\u00f6chten.<\/p>\n<p>Konto: Volksbank Leipzig<br \/>IBAN: DE47860956040307989859<br \/>BIC: GENODEF1LVB<\/p>\n\n\n<p><\/p>\n","protected":false},"excerpt":{"rendered":"<p>Der B\u00fcrgerverein Breitenfeld e.V. wurde 1994 gegr\u00fcndet. Damals haben sich 10 Gr\u00fcndungsmitglieder die Aufgabe gestellt, die Lebensqualit\u00e4t in und um Breitenfeld zu verbessern. Bauverbot, Wegzug junger Familien und die drohende Aufgabe des Ortes durch den Tagebau hatten deutliche Spuren hinterlassen. Nachdem die ersten Ziele erreicht waren, wurden weitere Aufgaben in Angriff genommen und in der [&hellip;]<\/p>\n","protected":false},"author":1,"featured_media":0,"parent":0,"menu_order":0,"comment_status":"closed","ping_status":"closed","template":"","meta":{"footnotes":""},"class_list":["post-2","page","type-page","status-publish","hentry"],"_links":{"self":[{"href":"https:\/\/www.bv-breitenfeld.de\/index.php?rest_route=\/wp\/v2\/pages\/2","targetHints":{"allow":["GET"]}}],"collection":[{"href":"https:\/\/www.bv-breitenfeld.de\/index.php?rest_route=\/wp\/v2\/pages"}],"about":[{"href":"https:\/\/www.bv-breitenfeld.de\/index.php?rest_route=\/wp\/v2\/types\/page"}],"author":[{"embeddable":true,"href":"https:\/\/www.bv-breitenfeld.de\/index.php?rest_route=\/wp\/v2\/users\/1"}],"replies":[{"embeddable":true,"href":"https:\/\/www.bv-breitenfeld.de\/index.php?rest_route=%2Fwp%2Fv2%2Fcomments&post=2"}],"version-history":[{"count":38,"href":"https:\/\/www.bv-breitenfeld.de\/index.php?rest_route=\/wp\/v2\/pages\/2\/revisions"}],"predecessor-version":[{"id":1385,"href":"https:\/\/www.bv-breitenfeld.de\/index.php?rest_route=\/wp\/v2\/pages\/2\/revisions\/1385"}],"wp:attachment":[{"href":"https:\/\/www.bv-breitenfeld.de\/index.php?rest_route=%2Fwp%2Fv2%2Fmedia&parent=2"}],"curies":[{"name":"wp","href":"https:\/\/api.w.org\/{rel}","templated":true}]}}