{"id":923,"date":"2020-10-18T16:30:06","date_gmt":"2020-10-18T15:30:06","guid":{"rendered":"http:\/\/www.bv-breitenfeld.de\/?page_id=923"},"modified":"2020-10-18T16:31:32","modified_gmt":"2020-10-18T15:31:32","slug":"satzung","status":"publish","type":"page","link":"https:\/\/www.bv-breitenfeld.de\/?page_id=923","title":{"rendered":"Satzung"},"content":{"rendered":"\n<h5 class=\"wp-block-heading\">1. Name, Sitz und Gesch\u00e4ftsjahr<\/h5>\n\n\n\n<p><strong>1.1<\/strong> Der Verein f\u00fchrt den Namen \u201eB\u00fcrgerverein Breitenfeld e. V.\u201c<br><strong>1.2<\/strong> Der Verein ist eine juristische Person und hat seinen Sitz in Leipzig\/ OT Breitenfeld. Er ist in das Vereinsregister des Amtsgerichtes Leipzig eingetragen.<br><strong>1.3<\/strong> Das Gesch\u00e4ftsjahr ist das Kalenderjahr.<\/p>\n\n\n\n<h5 class=\"wp-block-heading\">2. Zweck des Vereins<\/h5>\n\n\n\n<p>Der Verein ist \u00fcberparteilich und verfolgt ausschlie\u00dflich sowie unmittelbar gemeinn\u00fctzige Zwecke im Sinne des Abschnittes \u201eSteuerbeg\u00fcnstigte Zwecke\u201c der Abgabenordnung.<br>Der Verein ist selbstlos t\u00e4tig und dient nicht in erster Linie eigenwirtschaftlichen Interessen. Seine Mittel d\u00fcrfen nur f\u00fcr satzungsm\u00e4\u00dfige Zwecke verwendet werden.<br>Die Mitglieder erhalten keine Zuwendung aus Mitteln des Vereins. Es darf keine Person durch Ausgaben, die dem Zweck der K\u00f6rperschaft fremd sind oder durch unverh\u00e4ltnism\u00e4\u00dfig hohe Verg\u00fctungen beg\u00fcnstigt werden.<\/p>\n\n\n\n<p>Zweck des Vereins ist einzutreten f\u00fcr die<br><strong>a)<\/strong> F\u00f6rderung von Kunst und Kultur<br><strong>b)<\/strong> F\u00f6rderung des Denkmalschutzes und der Denkmalpflege<br><strong>c)<\/strong> F\u00f6rderung des Umweltschutzes<br><strong>d)<\/strong> F\u00f6rderung des Sports und F\u00f6rderung der Kinder und Jugend des Ortes<br><strong>e)<\/strong> F\u00f6rderung der Heimatpflege, Heimatkunde und des Brauchtums<\/p>\n\n\n\n<p>Der Satzungszweck soll verwirklicht werden insbesondere durch:<br><strong>zu a)<\/strong> &#8211; heimatverbundene Veranstaltungen (z.B. j\u00e4hrliches Denkmalskonzert).<br><strong>zu b)<\/strong> &#8211; Beantragung, Entgegennahme, Verwaltung und Verausgabung von Spenden und F\u00f6rdermitteln f\u00fcr die Pflege, Instandhaltung und Rekonstruktion des Gustav Adolf Denkmals in enger Zusammenarbeit mit dem Stiftelsen L\u00fctzenfonden G\u00f6teborg, Gustav Adolf Werk e.V. und den Einrichtungen der Denkmalspflege.<br>&#8211; Pflege der Denkmalsanlage und des Umfeldes. Erneuerung und Aktualisierung des Schaukastens.<br><strong>zu c)<\/strong>&nbsp;&#8211; Interessenvertretung der B\u00fcrger Breitenfelds gegen\u00fcber dem Ortschaftsrat und der Stadtverwaltung im Sinne von Verbesserungen der Lebensqualit\u00e4t f\u00fcr die B\u00fcrger Breitenfelds (z.B. Einwohnerversammlungen hinsichtlich des L\u00e4rmschutzes von Autobahn und Flugzeugen).<br>&#8211; die Organisation und Durchf\u00fchrung von Arbeitseins\u00e4tzen zur Sicherung der Sauberkeit im Ort (z.B. Fr\u00fchjahresputz).<br><strong>zu d)<\/strong>&nbsp;&#8211; Weiterentwicklung und Pflege des \u00f6ffentlichen Sport- und Spielplatzes f\u00fcr Kinder und Jugendliche.<br>&#8211; Beantragung, Entgegennahme, Verwaltung und Verausgabung von Spenden und F\u00f6rdermitteln f\u00fcr die Errichtung, Unterhaltung und Nutzung des Sport- und Spielplatzes (z.B. Wettk\u00e4mpfe zu unserem Heimatfest)<br>&#8211; Vorf\u00fchrungen von Vereinen (z.B. Judoverein, Tanzverein, Feuerwehr) um den Kindern und Jugendlichen die Arbeit in den jeweiligen Vereinen n\u00e4her zu bringen.<br><strong>zu e)<\/strong> &#8211; Erhalt des d\u00f6rflichen Charakters auf der Basis der Erhaltungssatzung und des Dorferneuerungsplanes in enger Zusammenarbeit mit dem Ortschaftsrat (z.B. Ansiedlung dorfvertr\u00e4glichen Gewerbes). Studien zur Ortsgeschichte (z.B. Ortschronik).<br>&#8211; die Durchf\u00fchrung unseres j\u00e4hrlichen Heimatfestes mit Pflege des Brauchtums wie z.B. Stellung des Maibaumes oder Ermittlung des Sch\u00fctzenk\u00f6nigs.<br>&#8211; die Durchf\u00fchrung von Backtagen f\u00fcr und mit den Einwohnern Breitenfelds in unserem Steinbackofen (z.B. Adventsbacken oder Osterbacken).<\/p>\n\n\n\n<h5 class=\"wp-block-heading\">3. Mitgliedschaft<\/h5>\n\n\n\n<p><strong>3.1<\/strong> Mitglied des Vereins k\u00f6nnen nat\u00fcrliche und juristische Personen sowie Vereinigungen und Institutionen werden, die die Satzung anerkennen. Das Mindestalter nat\u00fcrlicher Personen betr\u00e4gt 16 Jahre. \u00dcber die Aufnahme entscheidet nach schriftlichem Antrag der Vorstand, in Konfliktf\u00e4llen die Mitgliederversammlung mit einfacher Mehrheit. Ein Anspruch auf Mitgliedschaft besteht nicht. Die Entscheidung ist nicht anfechtbar.<br><strong>3.2<\/strong> F\u00f6rderndes Mitglied kann jede nat\u00fcrliche und juristische Person werden, die den Vereinszweck ideell und materiell unterst\u00fctzt. Voraussetzung ist ein schriftlicher Antrag und die mehrheitliche Zustimmung des Vorstandes.<br><strong>3.3<\/strong> Ehrenmitgliedschaften k\u00f6nnen verliehen werden.<br><strong>3.4<\/strong> Die Mitgliedschaft endet<br>&#8211; durch den Tod des Mitgliedes bzw. bei juristischen Personen durch deren Aufl\u00f6sung,<br>&#8211; durch freiwilligen Austritt, der durch schriftliche K\u00fcndigung gegen\u00fcber dem Vorstand erfolgt (dabei ist eine K\u00fcndigungsfrist von einem halben Jahr zum Ende des Gesch\u00e4ftsjahres einzuhalten und es sind r\u00fcckst\u00e4ndige Beitr\u00e4ge zu begleichen),<br>&#8211; wenn das Mitglied schuldhaft in grober Weise den Zielen des Vereins zuwiderhandelt (ein Ausschluss bedarf der mehrheitlichen Zustimmung des Vorstandes). Dem Auszuschlie\u00dfenden ist auf Antrag ein Anh\u00f6rungstermin, an dem mindestens 5 Vorstandsmitglieder teilnehmen<strong>,<\/strong> zu gew\u00e4hren. Der Ausschluss erfolgt mit der Mehrheit der Stimmen der Vorstandsmitglieder durch eingeschriebenen Brief an das Vereinsmitglied.<br>&#8211; wenn das Mitglied den Jahresbeitrag trotz Mahnung bis zum 30. November des laufenden Gesch\u00e4ftsjahres schuldig bleibt.<\/p>\n\n\n\n<h5 class=\"wp-block-heading\">4. Rechte und Pflichten der Mitglieder<\/h5>\n\n\n\n<p>Jedes Mitglied hat pers\u00f6nlich Sitz und Stimme in den Mitgliederversammlungen. Alle Mitglieder haben das Recht, dem Vorstand und der Mitgliederversammlung Antr\u00e4ge zu unterbreiten. Die Mitglieder sind berechtigt, an allen Vereinsversammlungen teilzunehmen. Die Mitglieder sind verpflichtet, die Aufgaben des Vereins nach besten Kr\u00e4ften zu f\u00f6rdern (z.B. \u00dcbernahme von Aufgaben bei organisierten Veranstaltungen und Arbeitseins\u00e4tzen).<br>Jedes Mitglied hat einen j\u00e4hrlichen Mitgliedsbeitrag an die Vereinskasse zu zahlen. Auf diesen Beitrag ist die Haftung des Mitgliedes beschr\u00e4nkt. Eine freiwillige Erh\u00f6hung des Beitrages ist den Mitgliedern freigestellt. Juristische Personen haben nur eine Stimme.<\/p>\n\n\n\n<h5 class=\"wp-block-heading\">5. Mitgliedsbeitrag<\/h5>\n\n\n\n<p>Der j\u00e4hrliche Beitrag wird auf Vorschlag des Vorstandes von der Mitgliederversammlung festgesetzt und ist bis zum 30. September des laufenden Gesch\u00e4ftsjahres zu entrichten.<\/p>\n\n\n\n<h5 class=\"wp-block-heading\">6. Vereinsorgane<\/h5>\n\n\n\n<p>Vereinsorgane sind<br>&#8211; die Mitgliederversammlung<br>&#8211; der Vorstand.<br>&#8211; die Revisionskommission<\/p>\n\n\n\n<h5 class=\"wp-block-heading\">7. Mitgliederversammlung<\/h5>\n\n\n\n<p><strong>7.1<\/strong> Die Mitgliederversammlung ist das h\u00f6chste Vereinsorgan. Sie fasst ihre Beschl\u00fcsse mit einfacher Mehrheit der erscheinenden Mitglieder. Die Vertretung eines Mitgliedes durch ein anderes ist unzul\u00e4ssig. Bei Stimmengleichheit gilt ein Antrag als abgelehnt.<\/p>\n\n\n\n<p>Der Mitgliederversammlung obliegt die Beschlussfassung in folgenden Angelegenheiten:<br>&#8211; Wahl des Vorstandes (aller 2 Jahre),<br>&#8211; Wahl der Revisionskommission, die keine Vorstandsmitglieder sein d\u00fcrfen (aller 2 Jahre),<br>&#8211; Entgegennahme des Gesch\u00e4ftsberichtes,<br>&#8211; Pr\u00fcfung und Genehmigung des Jahres- Finanzberichtes,<br>&#8211; Entlastung des Vorstandes und der Kassenpr\u00fcfer,<br>&#8211; Festsetzung der Mitgliedsbeitr\u00e4ge,<br>&#8211; Aufgaben des Vereins.<\/p>\n\n\n\n<p>Die Mitgliederversammlung entscheidet mit Zweidrittelmehrheit, wenn mindestens die H\u00e4lfte aller Vereinsmitglieder anwesend ist die \u00c4nderung der Satzung.<\/p>\n\n\n\n<p>Die Mitgliederversammlung entscheidet mit Zweidrittelmehrheit aller Vereinsmitglieder die Aufl\u00f6sung des Vereins.<\/p>\n\n\n\n<p>Die Beschlussfassung erfolgt durch offene Abstimmung, soweit dem keine gesetzlichen Gr\u00fcnde oder die Satzung entgegenstehen. Die Wahl der Vorstandsmitglieder sowie der Revisionskommission erfolgt geheim, wenn mindestens ein Mitglied, das w\u00fcnscht, sonst durch offene Abstimmung. Stimmberechtigt sind nur solche Mitglieder, die den Vereinsbeitrag f\u00fcr das laufende Gesch\u00e4ftsjahr in voller H\u00f6he bezahlt haben.<\/p>\n\n\n\n<p><strong>7.2<\/strong> Einberufung der Mitgliederversammlung<br>&#8211; Einmal j\u00e4hrlich ist vom Vorstand eine Ordentliche Mitgliederversammlung unter Angabe der Tagesordnung schriftlich einzuberufen.<br>&#8211; Die Ladungsfrist betr\u00e4gt mindestens 14 Tage bis zum Veranstaltungstermin.<br>&#8211; Au\u00dferordentliche Mitgliederversammlungen k\u00f6nnen vom Vorstand schriftlich unter Angabe der Tagesordnung einberufen werden, oder wenn mindestens ein Viertel der Mitglieder dies schriftlich unter Angabe der Gr\u00fcnde beantragt.<\/p>\n\n\n\n<p><strong>7.3<\/strong> Ablauf der Mitgliederversammlung<br>&#8211; Die Versammlung wird vom Vorstand geleitet.<br>&#8211; Der Vorstand legt den Versammlungsleiter fest.<br>&#8211; \u00dcber die Mitgliederversammlung ist ein Beschlussprotokoll anzufertigen, das von zwei Vorstandsmitgliedern zu unterzeichnen ist.<br>&#8211; Einsichtnahme in das Protokoll ist jedem Mitglied m\u00f6glich.<\/p>\n\n\n\n<h5 class=\"wp-block-heading\">8. Vorstand<\/h5>\n\n\n\n<p><strong>8.1<\/strong> Der Vorstand leitet die Vereinsarbeit zwischen den Mitgliederversammlungen in \u00dcbereinstimmung mit deren Beschl\u00fcssen. Er wird von den Vereinsmitgliedern auf die Dauer von zwei Jahren gew\u00e4hlt. Bisherige Vorstandsmitglieder sind wieder w\u00e4hlbar.<\/p>\n\n\n\n<p>8.2. Der Vorstand besteht aus f\u00fcnf Mitgliedern mit folgenden Funktionen:<br>&#8211; Vorsitzender<br>&#8211; Stellvertretender Vorsitzender<br>&#8211; Schriftf\u00fchrer<br>&#8211; Schatzmeister<br>&#8211; Vorstandsmitglied f\u00fcr besondere Aufgaben.<\/p>\n\n\n\n<p>Sie bilden den Vorstand im Sinne des \u00a7 26 BGB.<br>Der Vorstand bleibt solange im Amt, bis ein neuer Vorstand gew\u00e4hlt ist.<\/p>\n\n\n\n<p><strong>8.3<\/strong> Der Vorstandsvorsitzende \u00fcbernimmt die laufenden organisatorischen Aufgaben als Gesch\u00e4ftsf\u00fchrung.<\/p>\n\n\n\n<p><strong>8.4<\/strong> Der Vorstand tagt j\u00e4hrlich mindestens 4-mal. Vorstandssitzungen sind vom Vorsitzenden oder einem Stellvertreter einzuberufen. Der Vorstand fasst seine Beschl\u00fcsse in den Vorstandssitzungen. Der Vorstand ist beschlussf\u00e4hig, wenn mehr als die H\u00e4lfte der Vorstandsmitglieder anwesend sind.<\/p>\n\n\n\n<p><strong>8.5<\/strong> Jeweils 2 Vorstandsmitglieder vertreten gemeinsam den Verein gerichtlich und au\u00dfergerichtlich. In besonderen F\u00e4llen kann ein Rechtsbeistand hinzugezogen werden.<\/p>\n\n\n\n<p><strong>8.6<\/strong> Der Vorstand ist besonders verpflichtet, den Jahresbericht, die Jahres- Finanzbericht und den Haushaltplan zu erstellen und der Mitgliederversammlung zur Best\u00e4tigung vorzulegen.<\/p>\n\n\n\n<p><strong>8.7<\/strong> Der Vorstand beschlie\u00dft \u00fcber Aufnahme und Ausschluss von Mitgliedern gem\u00e4\u00df \u00a7 3 der Satzung.<\/p>\n\n\n\n<p><strong>8.8<\/strong> Scheiden Vorstandsmitglieder im Laufe einer Wahlperiode aus, erfolgt die Zuwahl durch den Vorstand; jedoch sind diese Wahlen der n\u00e4chsten Mitgliederversammlung zur Best\u00e4tigung vorzulegen.<\/p>\n\n\n\n<p><strong>8.9<\/strong> Die dem Verein von den Vorstandsmitgliedern geleisteten Dienste sind unentgeltlich. Nur die erforderlich gewesenen Auslagen werden aus der Vereinskasse verg\u00fctet.<\/p>\n\n\n\n<p><strong>8.10<\/strong> Der Schatzmeister verwaltet die Vereinskasse und f\u00fchrt Buch \u00fcber Einnahmen und Ausgaben. Zahlungsanweisungen <strong>\u00fcber 100.- \u20ac<\/strong> bed\u00fcrfen neben der Unterschrift des Schatzmeisters der eines weiteren Vorstandsmitgliedes.<\/p>\n\n\n\n<p><strong>8.11<\/strong> Satzungs\u00e4nderungen, die von Aufsichts-, Gerichts- oder Finanzbeh\u00f6rden aus formalen Gr\u00fcnden verlangt werden, kann der Vorstand von sich aus vornehmen. Diese m\u00fcssen allen Vereinsmitgliedern alsbald schriftlich mitgeteilt werden.<\/p>\n\n\n\n<h5 class=\"wp-block-heading\">9. Revisionskommission<\/h5>\n\n\n\n<p>In die Revisionskommission sind zwei Mitglieder des Vereins, die nicht dem Vorstand angeh\u00f6ren, auf die Dauer von 2 Jahren zu w\u00e4hlen. Sie haben das Recht in alle Dokumente und Unterlagen des Vereins einzusehen. Die j\u00e4hrliche Kassenpr\u00fcfung und die Inventur des Inventars des Vereins ist Aufgabe der Revisionskommission. Das Ergebnis der Pr\u00fcfung muss sp\u00e4testens zur Mitgliederversammlung bekanntgegeben werden.<\/p>\n\n\n\n<h5 class=\"wp-block-heading\">10. Vereinsverm\u00f6gen<\/h5>\n\n\n\n<p>Das Vereinsverm\u00f6gen besteht aus finanziellen Mitteln (Konten und Kassenbestand) sowie Inventar (z.B. Ger\u00e4te zur Gr\u00fcnpflege, Sportausr\u00fcstungen, Veranstaltungsausr\u00fcstungen (z.B. Zelte, Biertischgarnituren), Stromversorgung u.a.).<\/p>\n\n\n\n<p><strong>10.1<\/strong> Die Arbeit des Vereins wird durch Mitgliedsbeitr\u00e4ge, Spenden und F\u00f6rdermittel finanziert.<br>Mittel des Vereins d\u00fcrfen nur f\u00fcr die satzungsm\u00e4\u00dfigen Zwecke verwendet werden. Die Mitglieder erhalten keine Zuwendungen aus den Mitteln des Vereins. Es darf keine Person oder K\u00f6rperschaft durch Ausgaben, die dem Zweck des Vereins fremd sind beg\u00fcnstigt werden.<\/p>\n\n\n\n<p><strong>10.2<\/strong> Nach Ablauf des Gesch\u00e4ftsjahres haben die von der Mitgliederversammlung gew\u00e4hlte Revisionskommission die Kasse und die Kassenaufzeichnungen des Vereins zu pr\u00fcfen, das Ergebnis schriftlich festzuhalten und die n\u00e4chste Mitgliederversammlung dar\u00fcber zu unterrichten. Das Inventar ist zu inventarisieren (Einzelwerte gr\u00f6\u00dfer 50.00 \u20ac). Inventuren sind j\u00e4hrlich am Jahresende durchzuf\u00fchren.<\/p>\n\n\n\n<h5 class=\"wp-block-heading\">11. Schlussbestimmung<\/h5>\n\n\n\n<p>Die Aufl\u00f6sung des Vereins kann nur auf einer zu diesem Zweck besonders einzuberufenden Mitgliederversammlung erfolgen.<br>Bei Aufl\u00f6sung des Vereins oder bei Wegfall steuerbeg\u00fcnstigter Zwecke ist das Verm\u00f6gen des Vereins an eine juristische Person des \u00f6ffentlichen Rechts oder eine andere steuerbeg\u00fcnstigte K\u00f6rperschaft zwecks Verwendung f\u00fcr das Gustav-Adolf-Denkmal oder f\u00fcr den Sport- und Spielplatz im Ortsteil Breitenfeld (Leipzig) zu \u00fcbertragen.<\/p>\n\n\n\n<p><\/p>\n\n\n\n<p>Breitenfeld, den 17.11.2016<\/p>\n","protected":false},"excerpt":{"rendered":"<p>1. Name, Sitz und Gesch\u00e4ftsjahr 1.1 Der Verein f\u00fchrt den Namen \u201eB\u00fcrgerverein Breitenfeld e. V.\u201c1.2 Der Verein ist eine juristische Person und hat seinen Sitz in Leipzig\/ OT Breitenfeld. Er ist in das Vereinsregister des Amtsgerichtes Leipzig eingetragen.1.3 Das Gesch\u00e4ftsjahr ist das Kalenderjahr. 2. Zweck des Vereins Der Verein ist \u00fcberparteilich und verfolgt ausschlie\u00dflich sowie [&hellip;]<\/p>\n","protected":false},"author":6,"featured_media":0,"parent":0,"menu_order":0,"comment_status":"closed","ping_status":"closed","template":"","meta":{"footnotes":""},"class_list":["post-923","page","type-page","status-publish","hentry"],"_links":{"self":[{"href":"https:\/\/www.bv-breitenfeld.de\/index.php?rest_route=\/wp\/v2\/pages\/923","targetHints":{"allow":["GET"]}}],"collection":[{"href":"https:\/\/www.bv-breitenfeld.de\/index.php?rest_route=\/wp\/v2\/pages"}],"about":[{"href":"https:\/\/www.bv-breitenfeld.de\/index.php?rest_route=\/wp\/v2\/types\/page"}],"author":[{"embeddable":true,"href":"https:\/\/www.bv-breitenfeld.de\/index.php?rest_route=\/wp\/v2\/users\/6"}],"replies":[{"embeddable":true,"href":"https:\/\/www.bv-breitenfeld.de\/index.php?rest_route=%2Fwp%2Fv2%2Fcomments&post=923"}],"version-history":[{"count":2,"href":"https:\/\/www.bv-breitenfeld.de\/index.php?rest_route=\/wp\/v2\/pages\/923\/revisions"}],"predecessor-version":[{"id":926,"href":"https:\/\/www.bv-breitenfeld.de\/index.php?rest_route=\/wp\/v2\/pages\/923\/revisions\/926"}],"wp:attachment":[{"href":"https:\/\/www.bv-breitenfeld.de\/index.php?rest_route=%2Fwp%2Fv2%2Fmedia&parent=923"}],"curies":[{"name":"wp","href":"https:\/\/api.w.org\/{rel}","templated":true}]}}